s - s = -d. What is the units digit of s?
5
Suppose -16*l + 13*l = -759. What is the hundreds digit of l?
2
Let u = 4 + 1. Suppose -3 = -3*z + i - 1, u*z + i - 14 = 0. Suppose -44 = -z*j - 2*j. What is the units digit of j?
1
What is the tens digit of (-990)/(-14) + (-18)/(-63)?
7
Suppose -38 = -2*g + 6. Let r = -5 + g. Suppose 2*o - 5 = -w - 4, -4*w = -5*o - r. What is the units digit of w?
3
Suppose 3*y - 4*m = -0*y - 79, 4*m = y + 37. Suppose 2*a + 22 = -3*b - 78, -b + 2*a = 20. Let t = y - b. What is the units digit of t?
9
Let i = 41 - 25. Let j = i + -9. What is the units digit of j?
7
What is the units digit of (-18)/27*(-3)/2?
1
Let p = 4 - 19. What is the tens digit of (p - -1)/((-4)/6)?
2
What is the units digit of -8*9/24*-2?
6
What is the tens digit of 4/(-8) + (-49)/(-2)?
2
Let s = -102 - -202. Suppose -5*f + s = -0*f. What is the units digit of f?
0
Let j = -718 - -1016. What is the hundreds digit of j?
2
Suppose s - 30 = -5*p, s + 4*s - 124 = p. What is the tens digit of s?
2
Let z = 4 + -8. What is the tens digit of z/18 + 184/18?
1
Let w(a) = 2*a - 6. Let q be w(9). Suppose -2*o + q = -26. Suppose -5*f + o = -46. What is the tens digit of f?
1
Suppose -1 = 5*g + 9. What is the units digit of (-35)/g - 6/12?
7
Suppose 2*i = 3*i - 62. Suppose 5*z - 4*m - i = 2*z, 0 = -z + 5*m + 28. What is the units digit of z?
8
Let l(i) = 7*i**2 - i. Let j be (-4 + 6)/(-1*2). What is the units digit of l(j)?
8
Let j = 157 - 129. What is the units digit of j?
8
Let c(s) = s**2 + 2*s + 11. What is the units digit of c(8)?
1
Let p = -14 - -14. Suppose -4*d - 3 = -d. Let n = p - d. What is the units digit of n?
1
Suppose 0 = s - 4*h - 1, s + h - 2*h - 1 = 0. Let o = s + 20. What is the units digit of o?
1
Suppose -6*g + 4*g + 12 = 0. Suppose 4*c - 2*y - 36 = -g*y, 29 = 3*c + 4*y. What is the units digit of c?
7
Let q = -5 - -8. Suppose 2*m + q*o = 7, o = -0*m + 2*m - 19. Let y = m + 4. What is the units digit of y?
2
Let i(t) = 3*t**2 + 5*t - 17. What is the units digit of i(5)?
3
Let d = -53 - -54. What is the units digit of d?
1
Let d(q) = -q**3 + 2*q**2 + 3*q - 2. What is the units digit of d(2)?
4
Let b be 1 + -1 + 0 + 0. Let m(s) = 2*s**2 + b*s + 8 - 4 + 4*s. What is the units digit of m(-3)?
0
What is the units digit of -11 - -12 - ((-78)/2 - -1)?
9
Let i = 623 - 431. What is the tens digit of i?
9
Suppose 2*x + 8 = -3*l, -x - 2*x + 14 = -2*l. Let o = -1 + -4. What is the units digit of o/(-4) - (-1)/l?
1
Let r(f) = 0*f**2 + 3*f + 9 + 4*f**2 - 3*f**2 + 0*f**2. Let b be r(-6). Suppose -3*n + 9 + b = 0. What is the tens digit of n?
1
Let m be ((-3)/2)/(1/2). Let c = m - -4. Let n = 4 - c. What is the units digit of n?
3
Suppose 4*b - 260 = 212. What is the tens digit of b?
1
Suppose -i = 4*p - 3*i + 46, -p = i + 4. Let n = p - -12. What is the units digit of n?
3
Suppose -5*d = -0*d - 10. What is the units digit of d - -2*(2 - 1)?
4
Let g(f) = f**3 - 9*f**2 - 9*f - 3. What is the units digit of g(10)?
7
Suppose m = 2*m - 5. Suppose -2 = m*v - 122. What is the tens digit of v?
2
Let f(j) = 2*j + 4. Let c be f(-5). Let l be (-3)/6*c + 1. Suppose -l*t + 33 = 9. What is the units digit of t?
6
Let h be ((-3)/(-1))/(6/(-4)). Let c be (1*-2)/h*15. Suppose 3*j = 4*z - 0*z + 18, 5*z = c. What is the tens digit of j?
1
Let b(g) = 2*g**2 + g - 2*g**2 - g**2 + 4*g**2 - 4. Let h be b(-3). Suppose r = -4*r + h. What is the units digit of r?
4
Suppose -42 = -4*k - 2*s, 36 = 5*k - 4*s + s. Suppose -3*h + 3 = -k. What is the units digit of h?
4
Let x be 36*1/((-12)/(-80)). Suppose -6*m = -2*m - x. What is the tens digit of m?
6
Suppose -v = 5 - 2. Let o be (3/(-1))/(v/(-4)). Let t(m) = -m**2 - 3*m + 5. What is the units digit of t(o)?
1
Let s(p) = -5*p**2 - 10*p - 11. Let y(q) = 4*q**2 + 9*q + 10. Let g(a) = 5*s(a) + 6*y(a). Let w(t) = 3*t + 1. Let z be w(1). What is the units digit of g(z)?
5
Let w(q) = -q**3 - 2*q**2 + 7*q + 6. Let p be w(-4). Let o = 15 - 21. Let l = p + o. What is the units digit of l?
4
Let u = -6 + -34. Let i = u - -66. What is the tens digit of i?
2
Let a(i) = -4 + 8*i - 5 - 15*i. What is the tens digit of a(-7)?
4
Suppose -5*l + 239 = -136. Let r = l + -37. What is the tens digit of r?
3
Suppose 3*b = 2*i + 7*b - 16, -2*i = b - 7. What is the units digit of 1 + (i + 0 - 0)?
3
Let l = -98 + 198. What is the units digit of l?
0
Let n(k) = -3*k**3 + 2*k**2 - 3*k - 2. What is the tens digit of n(-3)?
0
What is the units digit of (-1 + -1)*7/(-2)?
7
Suppose -20 = 5*a, -2*g - 3*a + 788 - 36 = 0. What is the units digit of g?
2
Suppose -35*r + 39*r = 828. What is the tens digit of r?
0
Let g = 4 - 2. Let b(w) = -2 - w**3 + g*w**3 - 2*w**3 + 3*w + 0*w - 3*w**2. What is the units digit of b(-4)?
2
Let d be -3*(-4)/12 - -4. Suppose -3 = -5*i + u, -7 = -d*u + 3. What is the units digit of i?
1
Let u = -5 - -7. Let q = u + 0. Let w = q - -11. What is the tens digit of w?
1
Suppose -5*n + 2*n = -2*i + 16, 5*n - 21 = -i. What is the tens digit of i?
1
Suppose -149 + 23 = -2*o. What is the units digit of o?
3
Let s(p) = -5*p**2 - 3*p - 5. Let k be s(-2). Suppose 47 = -2*m - 23. Let d = k - m. What is the tens digit of d?
1
Let p(y) = 2*y**3 + 16*y**2 + 4*y - 3. What is the units digit of p(-7)?
7
Let c = -69 + 97. What is the tens digit of c?
2
What is the tens digit of 11/66 - 334/(-12)?
2
What is the units digit of 3 + 5/(25/(-10))?
1
Let q(l) = 7*l**3 - l**2 + 2*l - 4. Let c(f) = 8*f**3 - f**2 + 2*f - 3. Let i(p) = 3*c(p) - 2*q(p). What is the tens digit of i(1)?
1
Let j = -114 + 163. Suppose j = 4*n - n + 5*o, -2*n + 41 = -5*o. Suppose -4*i = -34 - n. What is the units digit of i?
3
Let u be -3*2/((-18)/(-105)). Let y = -21 - u. What is the units digit of y?
4
Suppose 2*x + 604 = 6*x. What is the units digit of x?
1
Suppose 4*w - 445 = -49. What is the tens digit of w?
9
Let o = -2 - -8. Suppose z = 3*z - 6. Suppose z*b - b = o. What is the units digit of b?
3
Let z(r) = r**3 + 8*r**2 - 9*r. Let h(o) = 4*o**3 + 24*o**2 - 27*o. Let s(g) = -2*h(g) + 7*z(g). What is the units digit of s(6)?
8
Let r(a) = a - 5. Let b be r(9). Suppose 50 = w + b*w. What is the tens digit of w?
1
Suppose 56 = 4*p - 36. Suppose t - p = 14. What is the tens digit of t?
3
Suppose 13 = -4*t + 73. Let q be 0 + t/(-3) + 2. Let c(s) = s**3 + 3*s**2 - s - 1. What is the units digit of c(q)?
2
Let v be (-6)/3 + 18/(-2). What is the units digit of 1 - v - (-1 - 3)?
6
Suppose 0*s + s - 48 = 0. Suppose 0*b + c = -2*b + s, -b - c = -24. Suppose -2*r - 2 + 18 = 3*h, 4*r = -4*h + b. What is the units digit of r?
2
What is the tens digit of 338 - (8/(-4) + 7)?
3
Suppose 5*l - l = 0. Suppose -4 + l = x + 3*g, -5*g = 3*x - 8. What is the tens digit of x?
1
Suppose 4*c = 2*r - 60, 2*r = 4*c - 3*c + 69. What is the tens digit of (r/15)/((-4)/(-50))?
3
Let y(z) = -z**2 + 5*z - 1. Let o be y(4). Suppose b - 4*k - 7 = -2*k, k + o = 0. Let c(w) = 2*w**3 + w**2 + w - 1. What is the units digit of c(b)?
3
Let i = -19 - -58. Suppose 0 = 3*s + 4*x - 14, 4*s + x = 2*x + 6. Suppose -s*a + i = a. What is the units digit of a?
3
Let i(x) = 9*x - 25. Let p(f) = 5*f - 13. Let g(w) = 3*i(w) - 5*p(w). What is the units digit of g(8)?
6
Let g(t) = -9*t - 1. Let x be g(-1). Suppose 5*z = 5*w + 5, -9 = -3*z + w + 4*w. Let m = x + z. What is the units digit of m?
6
Let s(z) = -2*z**3 + 9*z**2 - 8. What is the hundreds digit of s(-4)?
2
Suppose -1733 - 199 = -14*h. What is the hundreds digit of h?
1
Let j = 3 + -1. What is the units digit of (j - (-27 - -1)) + -4?
4
Let p = 14 - 7. What is the units digit of p?
7
Let y(v) = -2*v - 9. Let s be y(-7). Suppose -4*j + 51 = 5*u, -2*j = s*u - 5*j - 23. What is the units digit of u?
7
Let v(r) = -27*r + 4. What is the tens digit of v(-2)?
5
Let d = -11 - -62. What is the units digit of d?
1
Suppose 3*y = -210 + 579. What is the units digit of y?
3
Suppose -2*r - r = -2*d - 99, 0 = -3*d + 9. What is the tens digit of r?
3
What is the units digit of 95 + (-4 - -8) + -3?
6
Let h = 330 - 133. What is the hundreds digit of h?
1
Let f(j) = -j**3 - 6*j**2 - j - 2. Let i be ((-9)/4)/(15/40). Let p be f(i). Suppose q - p - 7 = 0. What is the units digit of q?
1
Suppose 515 = c + 4*c. What is the tens digit of c?
0
Let f = 6 - -3. What is the units digit of f?
9
Let y =